{"id":6485,"date":"2023-06-24T10:51:59","date_gmt":"2023-06-24T10:51:59","guid":{"rendered":"https:\/\/dgtl-planet.com\/?page_id=6485"},"modified":"2023-06-24T11:03:18","modified_gmt":"2023-06-24T11:03:18","slug":"magbox","status":"publish","type":"page","link":"https:\/\/dgtl-planet.store\/poleruj\/magbox\/","title":{"rendered":"MAGBOX"},"content":{"rendered":"<div data-elementor-type=\"wp-page\" data-elementor-id=\"6485\" class=\"elementor elementor-6485\" data-elementor-post-type=\"page\">\n\t\t\t\t\t\t<section class=\"elementor-section elementor-top-section elementor-element elementor-element-4a30ef8 elementor-section-boxed elementor-section-height-default elementor-section-height-default\" data-id=\"4a30ef8\" data-element_type=\"section\" data-e-type=\"section\">\n\t\t\t\t\t\t<div class=\"elementor-container elementor-column-gap-default\">\n\t\t\t\t\t<div class=\"elementor-column elementor-col-100 elementor-top-column elementor-element elementor-element-9e07b4c\" data-id=\"9e07b4c\" data-element_type=\"column\" data-e-type=\"column\">\n\t\t\t<div class=\"elementor-widget-wrap elementor-element-populated\">\n\t\t\t\t\t\t<div class=\"elementor-element elementor-element-2204d1e elementor-widget elementor-widget-heading\" data-id=\"2204d1e\" data-element_type=\"widget\" data-e-type=\"widget\" data-widget_type=\"heading.default\">\n\t\t\t\t\t<h1 class=\"elementor-heading-title elementor-size-default\">Konfiguracja IPTV w MAG BOX<\/h1>\t\t\t\t<\/div>\n\t\t\t\t<div class=\"elementor-element elementor-element-b4ce1a8 elementor-widget elementor-widget-text-editor\" data-id=\"b4ce1a8\" data-element_type=\"widget\" data-e-type=\"widget\" data-widget_type=\"text-editor.default\">\n\t\t\t\t\t\t\t\t\t<p class=\"elementor-heading-title elementor-size-medium\" style=\"text-align: center;\"><span style=\"color: #003300;\">Ten samouczek poprowadzi Ci\u0119 przez proste i skuteczne kroki instalacji Mag (250\/254\/256...).<\/span><br \/><br \/><span style=\"color: #003300;\"><u>Krok 1<\/u>: Po za\u0142adowaniu pude\u0142ka pojawi si\u0119 g\u0142\u00f3wny ekran portalu. Nast\u0119pnie kliknij \"ustawienia\" i naci\u015bnij przycisk<\/span><br \/><span style=\"color: #003300;\">przycisk pilota \"SETUP\/SET\".<\/span><\/p>\t\t\t\t\t\t\t\t<\/div>\n\t\t\t\t<div class=\"elementor-element elementor-element-73973ee elementor-widget elementor-widget-image\" data-id=\"73973ee\" data-element_type=\"widget\" data-e-type=\"widget\" data-widget_type=\"image.default\">\n\t\t\t\t\t\t\t\t\t\t\t\t\t\t\t<img fetchpriority=\"high\" decoding=\"async\" width=\"777\" height=\"325\" src=\"https:\/\/dgtl-planet.store\/wp-content\/uploads\/2023\/06\/cvfgfgfgre.png\" class=\"attachment-large size-large wp-image-6487\" alt=\"\" srcset=\"https:\/\/dgtl-planet.store\/wp-content\/uploads\/2023\/06\/cvfgfgfgre.png 777w, https:\/\/dgtl-planet.store\/wp-content\/uploads\/2023\/06\/cvfgfgfgre-300x125.png 300w, https:\/\/dgtl-planet.store\/wp-content\/uploads\/2023\/06\/cvfgfgfgre-768x321.png 768w\" sizes=\"(max-width: 777px) 100vw, 777px\" \/>\t\t\t\t\t\t\t\t\t\t\t\t\t\t\t<\/div>\n\t\t\t\t<div class=\"elementor-element elementor-element-875bded elementor-widget elementor-widget-text-editor\" data-id=\"875bded\" data-element_type=\"widget\" data-e-type=\"widget\" data-widget_type=\"text-editor.default\">\n\t\t\t\t\t\t\t\t\t<p class=\"elementor-heading-title elementor-size-medium\" style=\"text-align: center;\"><span style=\"color: #333300;\"><u>Krok 2<\/u>: Nast\u0119pnie naci\u015bnij \"Ustawienia systemowe\" i kliknij \"Serwery\".<\/span><\/p>\t\t\t\t\t\t\t\t<\/div>\n\t\t\t\t<div class=\"elementor-element elementor-element-21023e7 elementor-widget elementor-widget-image\" data-id=\"21023e7\" data-element_type=\"widget\" data-e-type=\"widget\" data-widget_type=\"image.default\">\n\t\t\t\t\t\t\t\t\t\t\t\t\t\t\t<img decoding=\"async\" width=\"774\" height=\"406\" src=\"https:\/\/dgtl-planet.store\/wp-content\/uploads\/2023\/06\/C10.png\" class=\"attachment-large size-large wp-image-6488\" alt=\"\" srcset=\"https:\/\/dgtl-planet.store\/wp-content\/uploads\/2023\/06\/C10.png 774w, https:\/\/dgtl-planet.store\/wp-content\/uploads\/2023\/06\/C10-300x157.png 300w, https:\/\/dgtl-planet.store\/wp-content\/uploads\/2023\/06\/C10-768x403.png 768w\" sizes=\"(max-width: 774px) 100vw, 774px\" \/>\t\t\t\t\t\t\t\t\t\t\t\t\t\t\t<\/div>\n\t\t\t\t<div class=\"elementor-element elementor-element-de160ab elementor-widget elementor-widget-text-editor\" data-id=\"de160ab\" data-element_type=\"widget\" data-e-type=\"widget\" data-widget_type=\"text-editor.default\">\n\t\t\t\t\t\t\t\t\t<p class=\"elementor-heading-title elementor-size-medium\" style=\"text-align: center;\"><span style=\"color: #333300;\"><u>Krok 3<\/u>: Kliknij na \"Serwery<\/span><\/p>\t\t\t\t\t\t\t\t<\/div>\n\t\t\t\t<div class=\"elementor-element elementor-element-f3ef30a elementor-widget elementor-widget-image\" data-id=\"f3ef30a\" data-element_type=\"widget\" data-e-type=\"widget\" data-widget_type=\"image.default\">\n\t\t\t\t\t\t\t\t\t\t\t\t\t\t\t<img decoding=\"async\" width=\"769\" height=\"386\" src=\"https:\/\/dgtl-planet.store\/wp-content\/uploads\/2023\/06\/c20-1.png\" class=\"attachment-large size-large wp-image-6491\" alt=\"\" srcset=\"https:\/\/dgtl-planet.store\/wp-content\/uploads\/2023\/06\/c20-1.png 769w, https:\/\/dgtl-planet.store\/wp-content\/uploads\/2023\/06\/c20-1-300x151.png 300w\" sizes=\"(max-width: 769px) 100vw, 769px\" \/>\t\t\t\t\t\t\t\t\t\t\t\t\t\t\t<\/div>\n\t\t\t\t<div class=\"elementor-element elementor-element-380af5c elementor-widget elementor-widget-text-editor\" data-id=\"380af5c\" data-element_type=\"widget\" data-e-type=\"widget\" data-widget_type=\"text-editor.default\">\n\t\t\t\t\t\t\t\t\t<p class=\"elementor-heading-title elementor-size-medium\" style=\"text-align: center;\"><span style=\"color: #333300;\"><u>Krok 4<\/u>: Wybierz i naci\u015bnij opcj\u0119 \"Portale<\/span><\/p>\t\t\t\t\t\t\t\t<\/div>\n\t\t\t\t<div class=\"elementor-element elementor-element-77a60a0 elementor-widget elementor-widget-image\" data-id=\"77a60a0\" data-element_type=\"widget\" data-e-type=\"widget\" data-widget_type=\"image.default\">\n\t\t\t\t\t\t\t\t\t\t\t\t\t\t\t<img loading=\"lazy\" decoding=\"async\" width=\"768\" height=\"404\" src=\"https:\/\/dgtl-planet.store\/wp-content\/uploads\/2023\/06\/c30-1.png\" class=\"attachment-large size-large wp-image-6490\" alt=\"\" srcset=\"https:\/\/dgtl-planet.store\/wp-content\/uploads\/2023\/06\/c30-1.png 768w, https:\/\/dgtl-planet.store\/wp-content\/uploads\/2023\/06\/c30-1-300x158.png 300w\" sizes=\"(max-width: 768px) 100vw, 768px\" \/>\t\t\t\t\t\t\t\t\t\t\t\t\t\t\t<\/div>\n\t\t\t\t<div class=\"elementor-element elementor-element-18c8d1c elementor-widget elementor-widget-text-editor\" data-id=\"18c8d1c\" data-element_type=\"widget\" data-e-type=\"widget\" data-widget_type=\"text-editor.default\">\n\t\t\t\t\t\t\t\t\t<p class=\"elementor-heading-title elementor-size-medium\" style=\"text-align: center;\"><span style=\"color: #333300;\"><u>Krok 5<\/u>: W wierszu \"Portal 1 name\" wprowad\u017a nazw\u0119 portalu, a w wierszu \"Portal 1 URL\" wprowad\u017a adres URL portalu.<\/span><\/p>\t\t\t\t\t\t\t\t<\/div>\n\t\t\t\t<div class=\"elementor-element elementor-element-83a7031 elementor-widget elementor-widget-image\" data-id=\"83a7031\" data-element_type=\"widget\" data-e-type=\"widget\" data-widget_type=\"image.default\">\n\t\t\t\t\t\t\t\t\t\t\t\t\t\t\t<img loading=\"lazy\" decoding=\"async\" width=\"704\" height=\"473\" src=\"https:\/\/dgtl-planet.store\/wp-content\/uploads\/2023\/06\/C40.png\" class=\"attachment-large size-large wp-image-6492\" alt=\"\" srcset=\"https:\/\/dgtl-planet.store\/wp-content\/uploads\/2023\/06\/C40.png 704w, https:\/\/dgtl-planet.store\/wp-content\/uploads\/2023\/06\/C40-300x202.png 300w\" sizes=\"(max-width: 704px) 100vw, 704px\" \/>\t\t\t\t\t\t\t\t\t\t\t\t\t\t\t<\/div>\n\t\t\t\t<div class=\"elementor-element elementor-element-2ef842a elementor-widget elementor-widget-text-editor\" data-id=\"2ef842a\" data-element_type=\"widget\" data-e-type=\"widget\" data-widget_type=\"text-editor.default\">\n\t\t\t\t\t\t\t\t\t<div class=\"elementor-element elementor-element-49d3aef elementor-widget elementor-widget-heading\" data-id=\"49d3aef\" data-element_type=\"widget\" data-widget_type=\"heading.default\"><div class=\"elementor-widget-container\" style=\"text-align: center;\"><strong><span style=\"color: #333300;\">Dlatego w celu aktywacji naszej subskrypcji IPTV na skrzynce MAG, musisz wys\u0142a\u0107 nam sw\u00f3j adres MAC znajduj\u0105cy si\u0119 na etykiecie za skrzynk\u0105, aktywacja odbywa si\u0119 ca\u0142kowicie zdalnie, zaraz po aktywacji, wy\u015blemy Ci link URL, kt\u00f3ry musisz umie\u015bci\u0107 na swoim PORTALU, jak na zdj\u0119ciu poni\u017cej:<\/span><\/strong><\/div><\/div><div class=\"elementor-element elementor-element-1ed2884 elementor-widget elementor-widget-heading\" data-id=\"1ed2884\" data-element_type=\"widget\" data-widget_type=\"heading.default\"><div class=\"elementor-widget-container\" style=\"text-align: center;\"><strong><span style=\"color: #333300;\"><u>Krok 6<\/u>\u00a0- Po zako\u0144czeniu wybierz i kliknij \"OK\", aby zapisa\u0107 zmiany.<\/span><\/strong><\/div><div class=\"elementor-widget-container\" style=\"text-align: center;\"><strong><span style=\"color: #333300;\"><u>Krok 7<\/u>\u00a0- Kliknij \"EXIT\" na pilocie zdalnego sterowania po zapisaniu ustawie\u0144.<\/span><\/strong><\/div><div class=\"elementor-widget-container\" style=\"text-align: center;\"><strong><span style=\"color: #333300;\"><u>Krok 8<\/u>\u00a0- W zwi\u0105zku z tym konieczne jest ponowne uruchomienie urz\u0105dzenia. Wybierz opcj\u0119 \"OK\", aby zastosowa\u0107 zmiany.<\/span><\/strong><\/div><\/div>\t\t\t\t\t\t\t\t<\/div>\n\t\t\t\t\t<\/div>\n\t\t<\/div>\n\t\t\t\t\t<\/div>\n\t\t<\/section>\n\t\t\t\t<\/div>","protected":false},"excerpt":{"rendered":"<p>Konfiguracja IPTV na MAG BOX Ten samouczek poprowadzi Ci\u0119 przez proste i skuteczne kroki instalacji Mag (250\/254\/256...). Krok 1: Po za\u0142adowaniu urz\u0105dzenia pojawi si\u0119 g\u0142\u00f3wny ekran portalu. Nast\u0119pnie kliknij \"Ustawienia\" i naci\u015bnij przycisk \"SETUP\/SET\". Krok 2: Nast\u0119pnie naci\u015bnij \"Ustawienia systemu\" i kliknij \"Serwery\"....<\/p>","protected":false},"author":1,"featured_media":0,"parent":0,"menu_order":0,"comment_status":"closed","ping_status":"closed","template":"","meta":{"_kadence_starter_templates_imported_post":false,"_kad_post_transparent":"","_kad_post_title":"hide","_kad_post_layout":"fullwidth","_kad_post_sidebar_id":"","_kad_post_content_style":"unboxed","_kad_post_vertical_padding":"hide","_kad_post_feature":"hide","_kad_post_feature_position":"","_kad_post_header":false,"_kad_post_footer":false,"_kad_post_classname":"","_joinchat":[],"footnotes":""},"class_list":["post-6485","page","type-page","status-publish","hentry"],"_links":{"self":[{"href":"https:\/\/dgtl-planet.store\/poleruj\/wp-json\/wp\/v2\/pages\/6485","targetHints":{"allow":["GET"]}}],"collection":[{"href":"https:\/\/dgtl-planet.store\/poleruj\/wp-json\/wp\/v2\/pages"}],"about":[{"href":"https:\/\/dgtl-planet.store\/poleruj\/wp-json\/wp\/v2\/types\/page"}],"author":[{"embeddable":true,"href":"https:\/\/dgtl-planet.store\/poleruj\/wp-json\/wp\/v2\/users\/1"}],"replies":[{"embeddable":true,"href":"https:\/\/dgtl-planet.store\/poleruj\/wp-json\/wp\/v2\/comments?post=6485"}],"version-history":[{"count":4,"href":"https:\/\/dgtl-planet.store\/poleruj\/wp-json\/wp\/v2\/pages\/6485\/revisions"}],"predecessor-version":[{"id":6495,"href":"https:\/\/dgtl-planet.store\/poleruj\/wp-json\/wp\/v2\/pages\/6485\/revisions\/6495"}],"wp:attachment":[{"href":"https:\/\/dgtl-planet.store\/poleruj\/wp-json\/wp\/v2\/media?parent=6485"}],"curies":[{"name":"wp","href":"https:\/\/api.w.org\/{rel}","templated":true}]}}