{"id":3,"date":"2022-06-05T09:02:36","date_gmt":"2022-06-05T09:02:36","guid":{"rendered":"https:\/\/nouhefikri.ml\/?page_id=3"},"modified":"2025-01-15T19:58:53","modified_gmt":"2025-01-15T19:58:53","slug":"politica-de-privacidad","status":"publish","type":"page","link":"https:\/\/dgtl-planet.store\/espanol\/politica-de-privacidad\/","title":{"rendered":"Pol\u00edtica de privacidad"},"content":{"rendered":"<div data-elementor-type=\"wp-page\" data-elementor-id=\"3\" class=\"elementor elementor-3\" data-elementor-post-type=\"page\">\n\t\t\t\t\t\t<section class=\"elementor-section elementor-top-section elementor-element elementor-element-2600d196 elementor-section-boxed elementor-section-height-default elementor-section-height-default\" data-id=\"2600d196\" data-element_type=\"section\" data-e-type=\"section\">\n\t\t\t\t\t\t<div class=\"elementor-container elementor-column-gap-default\">\n\t\t\t\t\t<div class=\"elementor-column elementor-col-100 elementor-top-column elementor-element elementor-element-1e9a1500\" data-id=\"1e9a1500\" data-element_type=\"column\" data-e-type=\"column\">\n\t\t\t<div class=\"elementor-widget-wrap elementor-element-populated\">\n\t\t\t\t\t\t<div class=\"elementor-element elementor-element-226faaf elementor-widget elementor-widget-heading\" data-id=\"226faaf\" data-element_type=\"widget\" data-e-type=\"widget\" data-widget_type=\"heading.default\">\n\t\t\t\t\t<h2 class=\"elementor-heading-title elementor-size-default\">Pol\u00edtica de privacidad<\/h2>\t\t\t\t<\/div>\n\t\t\t\t<div class=\"elementor-element elementor-element-6c05c512 elementor-widget elementor-widget-text-editor\" data-id=\"6c05c512\" data-element_type=\"widget\" data-e-type=\"widget\" data-widget_type=\"text-editor.default\">\n\t\t\t\t\t\t\t\t\t<p>Nuestra pol\u00edtica de privacidad describe c\u00f3mo recogemos, utilizamos y protegemos su informaci\u00f3n personal. Al visitar nuestro sitio web, usted acepta las pr\u00e1cticas descritas en esta pol\u00edtica. S\u00f3lo recogemos la informaci\u00f3n personal necesaria para procesar sus solicitudes y proporcionarle los servicios que solicita. Esta informaci\u00f3n puede incluir su nombre, direcci\u00f3n, n\u00famero de tel\u00e9fono, datos de pago y otros datos. Utilizamos esta informaci\u00f3n para gestionar su cuenta, procesar sus solicitudes y comunicarnos con usted acerca de nuestros productos y servicios. Podemos compartir su informaci\u00f3n con terceros, como agentes de entrega o proveedores, para cumplir con sus pedidos. Tambi\u00e9n podemos utilizar su informaci\u00f3n para estudios de mercado y encuestas, pero usted puede excluirse en cualquier momento. No vendemos ni revelamos su informaci\u00f3n a terceros sin su aprobaci\u00f3n, excepto cuando lo exija la ley. Nuestro sitio web puede contener anuncios o enlaces a otros sitios web, de los que no somos responsables.<\/p>\t\t\t\t\t\t\t\t<\/div>\n\t\t\t\t\t<\/div>\n\t\t<\/div>\n\t\t\t\t\t<\/div>\n\t\t<\/section>\n\t\t\t\t<\/div>","protected":false},"excerpt":{"rendered":"<p>Pol\u00edtica de privacidad Nuestra pol\u00edtica de privacidad describe c\u00f3mo recogemos, utilizamos y protegemos su informaci\u00f3n personal. Al visitar nuestro sitio web, usted acepta las pr\u00e1cticas descritas en esta pol\u00edtica. S\u00f3lo recogemos la informaci\u00f3n personal necesaria para procesar sus solicitudes y proporcionarle los servicios que solicita. Esta informaci\u00f3n puede incluir su nombre, direcci\u00f3n,...<\/p>","protected":false},"author":1,"featured_media":0,"parent":0,"menu_order":0,"comment_status":"closed","ping_status":"closed","template":"","meta":{"_kadence_starter_templates_imported_post":false,"_kad_post_transparent":"","_kad_post_title":"","_kad_post_layout":"","_kad_post_sidebar_id":"","_kad_post_content_style":"","_kad_post_vertical_padding":"","_kad_post_feature":"","_kad_post_feature_position":"","_kad_post_header":false,"_kad_post_footer":false,"_kad_post_classname":"","_joinchat":[],"footnotes":""},"class_list":["post-3","page","type-page","status-publish","hentry"],"_links":{"self":[{"href":"https:\/\/dgtl-planet.store\/espanol\/wp-json\/wp\/v2\/pages\/3","targetHints":{"allow":["GET"]}}],"collection":[{"href":"https:\/\/dgtl-planet.store\/espanol\/wp-json\/wp\/v2\/pages"}],"about":[{"href":"https:\/\/dgtl-planet.store\/espanol\/wp-json\/wp\/v2\/types\/page"}],"author":[{"embeddable":true,"href":"https:\/\/dgtl-planet.store\/espanol\/wp-json\/wp\/v2\/users\/1"}],"replies":[{"embeddable":true,"href":"https:\/\/dgtl-planet.store\/espanol\/wp-json\/wp\/v2\/comments?post=3"}],"version-history":[{"count":24,"href":"https:\/\/dgtl-planet.store\/espanol\/wp-json\/wp\/v2\/pages\/3\/revisions"}],"predecessor-version":[{"id":5527,"href":"https:\/\/dgtl-planet.store\/espanol\/wp-json\/wp\/v2\/pages\/3\/revisions\/5527"}],"wp:attachment":[{"href":"https:\/\/dgtl-planet.store\/espanol\/wp-json\/wp\/v2\/media?parent=3"}],"curies":[{"name":"wp","href":"https:\/\/api.w.org\/{rel}","templated":true}]}}